ive of l**4/12 + 3*l**3/2 + 9*l**2/2 - 1316*l - 7. What is k(u)?
-9
Let k(u) = -8*u**3 - 2*u**2 - 9*u - 23. Let b(d) = 7*d**3 + d**2 + 8*d + 20. Let j(c) = -7*b(c) - 6*k(c). Let a be (4/12)/(2/18). Calculate j(a).
10
Let b be (-3*4 - -3)/(15/(-1155)). Let x be (-819)/b + ((-4)/11)/(-2). Let p(s) = 15*s + 3. Calculate p(x).
-12
Let w(t) = t**3 - 6*t**2 + 3*t + 6. Suppose 0 = -10*k - 0*k. Suppose 5*a + 5*j - 116 = 6*a, -3*j + 3 = k. Let y be 8/(-28) - a/21. What is w(y)?
-4
Let j(u) be the first derivative of -u**2 + 54*u + 408. What is j(19)?
16
Let y(d) = -2*d**2 - 1. Let x(z) = 2*z**2 + 6*z - 1. Let r(f) = -x(f) - 2*y(f). Determine r(-5).
83
Let y(j) = 5*j - 1. Let u(p) = p**2 + 10*p - 21. Let b(d) = u(d) - 2*y(d). Determine b(-5).
6
Suppose 2*d - 3*l = 0, -3*l - 22 = 3*d + 8. Let k = 1 + d. Let x(a) = -15 + 16 + 3*a + a**3 + 5*a**2 - 8. Determine x(k).
-22
Suppose 2*i + 3*x + 7 - 103 = 0, 0 = 2*x + 8. Let w = i - 61. Let h(p) = -p**2 - 8*p - 1. Calculate h(w).
6
Let l(w) = 119*w**2 - 59*w**2 - 61*w**2 - w - 5. Let z(f) = f**2 + f + 6. Let p(v) = -5*l(v) - 4*z(v). Calculate p(2).
7
Let o(z) = 5*z**2 + z + 12. Let x(w) = -16*w**2 + 6*w - 16. Let u(y) = y**2 - y - 1. Let f(l) = 8*u(l) + x(l). Let c(v) = 3*f(v) + 5*o(v). Calculate c(5).
8
Let t = -25 - -41. Let j = t - 11. Let k(a) = 4 - 30 + 9 + 8 + 16 - a. What is k(j)?
2
Let f(g) = -40 - 9*g - 40 - 56 + 175. Give f(4).
3
Let k(c) be the first derivative of -c**4/4 + c**3 + 3*c**2 + 5*c - 1889. Let g(q) = 5 + 3*q - q**2 - 3*q. Let o be g(0). Calculate k(o).
-15
Let s(u) = -9*u - 12 + 37*u - 12*u - 6*u - 8*u. Determine s(2).
-8
Let d = -7 + 3. Let p(c) = 31*c**3 + 58*c**2 + 26*c - 320. Let a(l) = -24*l**3 - 45*l**2 - 20*l + 247. Let v(k) = 22*a(k) + 17*p(k). What is v(d)?
-14
Let z(h) = 20*h - 1. Let r(i) = -3*i**2 - 140*i - 4. Let y(u) = -r(u) - 6*z(u). What is y(-7)?
17
Suppose 3*u - 65 = -30*o + 32*o, 0 = -4*o - 2*u - 122. Let r(s) = 4*s + 131. Calculate r(o).
7
Let s = -120 - -79. Let i = s - -41. Let u(t) = t**2 - t - 2. Calculate u(i).
-2
Let u(r) = -3*r**2 + 2*r - 3. Let v(k) = 7*k**2 - 5*k + 7. Let c(b) = -9*u(b) - 4*v(b). Let h(q) = -2*q**2 + 4*q. Let s(i) = 5*c(i) - 3*h(i). Determine s(4).
3
Let n = -14096 - -14088. Let x(v) = -v**3 - 7*v**2 + 7*v. Determine x(n).
8
Let l = -9 - -25. Suppose 20*h + l = 24*h. Suppose 6 = h*j - 3*j. Let i(c) = -c - 1. Calculate i(j).
-7
Let s(f) = 3*f**3 - 3*f**2 + 2*f + 6. Let q(k) = 2*k**3 - 4*k**2 + 4*k + 7. Let o = -64 - -68. Let v(r) = o*q(r) - 3*s(r). Give v(-8).
-6
Let k(p) = -2*p + 28 - 16*p + 46*p - 21*p - p**2. What is k(10)?
-2
Let n(z) = z**3 + 3*z**2 - z - 12. Let f(h) = h**3 + 4*h**2 - 2*h - 14. Let t(r) = 5*f(r) - 6*n(r). Let d(w) = -w**2 - 5*w - 2. Let c be d(-4). Give t(c).
-6
Let i(o) = -o**2 - 5*o + 17. Let l(r) = -3*r**2 - 42*r - 117. Let f be l(-10). Calculate i(f).
-7
Let t(b) = -b**2 + 2*b - 24. Let s(h) = -10*h**2 - 8*h + 95. Let p(u) = s(u) + 4*t(u). What is p(-1)?
-15
Let b be (-19 + 7)/((-4)/6). Let o(n) = -b - 5*n + 13 + 3*n. Suppose 2*k = -k - 18. Determine o(k).
7
Let f(l) = -18*l - 1. Let a(z) = -16*z - 1. Let p(t) = -5*a(t) + 6*f(t). Let m(d) = 32*d + 2. Let g(k) = 5*m(k) + 6*p(k). Give g(3).
-20
Let h(b) = b**3 - 5*b**2 + 13*b + 3. Let x(s) = 2*s**3 - 3*s**2 + 16*s + 3. Let w(k) = -3*h(k) + 2*x(k). What is w(-10)?
-33
Let y(r) = r + 14. Let z be y(-15). Let m = -95 - -113. Let o(p) = -1 - m*p**2 - 217*p + 2 + 218*p. What is o(z)?
-18
Let c(d) = -d**2 - 2*d - 2. Let a(j) = -4*j**2 - 5*j - 5. Let g(o) = -2*a(o) + 7*c(o). Let m(v) = -1167*v - 46683. Let b be m(-40). Determine g(b).
17
Let f be (-6)/((6/(-8))/1). Let d(n) be the second derivative of -n**4/12 + 2*n**3 - 5*n**2 - 13880*n + 1. Determine d(f).
22
Let i(j) = -10*j - 4*j + 208 - 9*j - 6*j + 11*j. Determine i(12).
-8
Let v(l) = l**2 + l - 1. Let y(d) = -d**3 - 4*d**2 + 6. Let i be y(-2). Let q be (0/(i - 0))/(-3 - -4). Determine v(q).
-1
Let f(j) = 8*j + 42*j - 4 + 3*j**2 - 49*j. Give f(-2).
6
Let t = 2 + 3. Suppose 95 = 2*n - r, 3 = n - t*r - 22. Let h = n - 49. Let f(u) = 9*u**2 + 1. Calculate f(h).
10
Let x(u) be the second derivative of 4*u**2 - 1/12*u**4 + 3 + u**3 + 14*u. Calculate x(8).
-8
Let g = -151403 + 151402. Let c(p) = -2*p**2 + p - 5. Let d(m) = 3*m**2 - m + 6. Suppose 4*l + 11 + 9 = 0. Let y(s) = l*d(s) - 6*c(s). What is y(g)?
-2
Let m(f) = -12 - 16 - 4 - 3 + 1307*f + f**2 - 1298*f. What is m(-11)?
-13
Let m(y) = -4*y**2 - 3*y + 4. Suppose -56*t + 60 = -41*t. Calculate m(t).
-72
Suppose 17*o + 5*o = 132. Let u(g) = -2*g + 9 + 9*g - o*g + 0*g**3 - g**3. Calculate u(0).
9
Let h = -69 - -74. Suppose h*f + 10 = 80. Let o(j) = j**2 - 13*j - 19. Let k be o(f). Let p(u) = -u**3 - 6*u**2 + 2. What is p(k)?
-23
Let x = -2128 - -2141. Let t(h) = h**2 - 14*h + 18. Give t(x).
5
Let o(v) be the third derivative of v**5/60 + 5*v**4/12 + 8*v**3/3 - 4*v**2 - 12. Determine o(-6).
-8
Let n be (2/(-2) + 2)/((-2)/(-96)). Suppose 15*c - n = 23*c. Let z(l) = -l**2 - 6*l - 4. Let b(t) = 1. Let a(v) = -2*b(v) + z(v). Calculate a(c).
-6
Let l be (30/1)/(18/12). Suppose 11 = -3*n + l. Let s(y) be the first derivative of -y**4/4 + y**3 - y**2 + 3*y - 89. What is s(n)?
-3
Let g(k) = k**2 - 4*k - 2. Suppose -107 = 9*s - 1133. Suppose -y + s = 5*f, 5*y - 64 = -4*f + f. Let r = f + -19. Give g(r).
-2
Let a = 13599 + -13599. Let l(x) be the third derivative of -1/8*x**4 + a*x + 2/3*x**3 + 1/15*x**5 - 1/120*x**6 + 32*x**2 + 0. Give l(3).
4
Let z be (-810)/99 - -10 - (-8)/44. Let s(w) be the first derivative of 1/2*w**2 + z*w + 9. Determine s(0).
2
Let x(l) = -7*l - 9. Let y(f) be the second derivative of -f**3/6 - f**2 - 2*f + 25. Let s(z) = x(z) - 4*y(z). Determine s(-4).
11
Let g be 8/(5 + 4 + -7). Let d(x) = 4 + g - 5*x - x**2 + 24*x - 11*x. Determine d(7).
15
Let o(u) = 7*u**3 + 8*u**2 - 4*u - 5. Let a(l) = -l**3 - l**2 + 1. Let k(q) = 6*a(q) + o(q). Let m = 65 - 57. Let s(f) = 3*f - 28. Let p be s(m). What is k(p)?
-15
Let g(x) = 4*x - 17. Suppose -2*a + 42 - 14 = -9*a. Give g(a).
-33
Let k(r) = r**3 + 4*r**2 + 6*r - 12. Suppose 0 = -2*c + x - 15, -3*c + 44*x = 40*x + 40. Give k(c).
-36
Let y(x) = -x**2 + 6*x + 6. Let v be y(7). Let t be 4*v/2*-1. Let k(c) = -7 - c**2 + 1 + 6*c + t*c**2. Give k(-5).
-11
Suppose -6*o - 143 = 56*o + 43. Let l(j) = -j**3 - 3*j**2 + 2*j - 3. Determine l(o).
-9
Suppose -23 = 3*b - 5*z + 6, -4*b + 4*z - 36 = 0. Let x(h) be the first derivative of -h**4/4 - 3*h**3 - 7*h**2/2 - h - 2465. What is x(b)?
-9
Let m(v) = 27*v + 3. Suppose 43*f + 13 + 30 = 0. What is m(f)?
-24
Let s(k) = -k + 6. Let y(v) = 407*v - 409. Let d be y(1). Give s(d).
8
Let d(p) = 21*p**2. Let m(s) = -64*s**2 + 3*s + 23. Let q(f) = -3*d(f) - m(f). What is q(0)?
-23
Suppose 572*q - 48 = 560*q. Let h(u) = -3*u**3 + 12*u**2 + 2*u - 4. Calculate h(q).
4
Suppose -1136*w = -1135*w + 1 + 2. Let d(s) = -19*s - 9. Give d(w).
48
Let s(b) = -2*b**2 - 29*b + 26*b**3 + 59*b - 29*b. Let y = -38 + 42. Suppose 0 = -y*p + 6 - 2. Give s(p).
25
Let u(l) = 8*l + 15 - l**2 + 20 + 7*l. Suppose -5*t = -51*n + 807, 22*n - 23*n = 4*t - 65. Determine u(n).
1
Let d be 9*14/21*(-5)/(90/(-42)). Let y(w) = -w**2 + 13*w + 19. Determine y(d).
5
Let w(p) = -19*p**2 + 20*p - 61. Let c(s) = 36*s**2 - 39*s + 122. Let t(k) = 10*c(k) + 19*w(k). Calculate t(-14).
5
Let j be -1 + 6 - (-6 - -3). Let n = j - 6. Let v(u) = 14 - n*u - 8 - 1. Calculate v(6).
-7
Let q(v) = -76322 + 38134 - 19*v + 38164. Give q(-3).
33
Let y(v) = -7*v**3 - 50*v**2 + 14*v + 89. Let h(w) = 20*w**3 + 144*w**2 - 43*w - 261. Let b(f) = 6*h(f) + 17*y(f). Calculate b(-15).
22
Let c = 19851 - 19822. Let s(o) = 2*o**3 - 58*o**2 - 2*o + 51. Calculate s(c).
-7
Suppose -256 = -9*h + 5*h + 4*m, 0 = -2*h + 4*m + 120. Suppose -3*f + 63 = 4*d, 4*f = -d - 3*d + h. Let o(t) = -t**2 + 10*t + 7. Calculate o(d).
-17
Let s = -5670 - -5653. Let u(t) = 9*t + 181. Calculate u(s).
28
Suppose o - 4*i + 20 = 0, -3*o - 8*i = -10*i + 10. Let g(t) = -4*t + 10. Calculate g(o).
10
Let o(n) be the second derivative of -n**5/10 - n**4/6 + 7*n**3/6 + n**2/2 + 1346*n. Give o(-3).
16
Let u(j) = -2384 - 3*j - 3*j**2 + 3*j**2 + 2380 - 2*j**2. Determine u(-3).
-13
Let q(m) = -7*m - 2. Suppose 30*b = 57*b + 27. Give q(b).
5
Let a(v) = v**3 - 8*v**2 + 8*v - 3. Let b be a(7). Suppos